{"id":591,"date":"2024-06-16T21:34:00","date_gmt":"2024-06-16T21:34:00","guid":{"rendered":"https:\/\/dermorganicpe.labpro.icu\/?post_type=product&#038;p=591"},"modified":"2024-06-18T01:33:54","modified_gmt":"2024-06-18T01:33:54","slug":"cremadenoche-reafirmantedegranada","status":"publish","type":"product","link":"https:\/\/dermorganicpe.labpro.icu\/index.php\/product\/cremadenoche-reafirmantedegranada\/","title":{"rendered":"Crema de Noche Reafirmante de Granada"},"content":{"rendered":"<p><strong>Ingrediente principal: Granada<\/strong><\/p>\n<p>La granada es una fruta con un alto poder antioxidante, rica en vitaminas, que posee m\u00faltiples beneficios. De las semillas de granada se extrae un aceite \u00fanico, muy apreciado para el tratamiento de las pieles maduras. El secreto est\u00e1 en su composici\u00f3n: \u00e1cidos grasos esenciales, vitaminas y antioxidantes naturales que neutralizan los radicales libres causantes del envejecimiento prematuro de la piel.<\/p>\n<p><strong>Modo de uso:\u00a0<\/strong><\/p>\n<p>Aplicar en cara, cuello y escote por la noche despu\u00e9s de limpiar y tonificar, y despu\u00e9s de aplicar el Serum reafirmante de Granada que completa su efecto.<\/p>\n","protected":false},"excerpt":{"rendered":"<p><strong>MARCA: WELEDA<\/strong><\/p>\n<div class=\"clearfix row\">\n<div class=\"col-xs-12 col-md-9\">\n<p class=\"prod-desc\">Crema de noche con aceite de germen de trigo que apoya el proceso natural de regeneraci\u00f3n nocturna, atenuando las arrugas. Los aceites biol\u00f3gicos de granada y arg\u00e1n, estimulan la renovaci\u00f3n celular y mejoran la elasticidad. Apto para veganos.<\/p>\n<\/div>\n<\/div>\n<div class=\"woocommerce_msrp\">\n<p class=\"prod-desc\"><strong>30ml<\/strong><\/p>\n<\/div>\n","protected":false},"featured_media":595,"comment_status":"open","ping_status":"closed","template":"","meta":{"content-type":"","_joinchat":[]},"product_cat":[88,19,21],"product_tag":[],"class_list":{"0":"post-591","1":"product","2":"type-product","3":"status-publish","4":"has-post-thumbnail","6":"product_cat-cremas-hidratantes","7":"product_cat-veganos","8":"product_cat-weleda","10":"first","11":"instock","12":"shipping-taxable","13":"purchasable","14":"product-type-simple"},"yoast_head":"<!-- This site is optimized with the Yoast SEO plugin v22.8 - https:\/\/yoast.com\/wordpress\/plugins\/seo\/ -->\n<title>Crema de Noche Reafirmante de Granada - DermOrganicpe<\/title>\n<meta name=\"description\" content=\"Crema de noche reafirmante de granada con aceite de germen de trigo que apoya el proceso natural de regeneraci\u00f3n nocturna, atenuando las arrugas.\" \/>\n<meta name=\"robots\" content=\"index, follow, max-snippet:-1, max-image-preview:large, max-video-preview:-1\" \/>\n<link rel=\"canonical\" href=\"https:\/\/dermorganicpe.labpro.icu\/index.php\/product\/cremadenoche-reafirmantedegranada\/\" \/>\n<meta property=\"og:locale\" content=\"es_ES\" \/>\n<meta property=\"og:type\" content=\"article\" \/>\n<meta property=\"og:title\" content=\"Crema de Noche Reafirmante de Granada - DermOrganicpe\" \/>\n<meta property=\"og:description\" content=\"Crema de noche reafirmante de granada con aceite de germen de trigo que apoya el proceso natural de regeneraci\u00f3n nocturna, atenuando las arrugas.\" \/>\n<meta property=\"og:url\" content=\"https:\/\/dermorganicpe.labpro.icu\/index.php\/product\/cremadenoche-reafirmantedegranada\/\" \/>\n<meta property=\"og:site_name\" content=\"DermOrganicpe\" \/>\n<meta property=\"article:modified_time\" content=\"2024-06-18T01:33:54+00:00\" \/>\n<meta property=\"og:image\" content=\"https:\/\/dermorganicpe.labpro.icu\/wp-content\/uploads\/2024\/06\/WELEDA-GRANADA-CREMA-DE-NOCHE-REAFIRMANTE-470x470-1.png\" \/>\n\t<meta property=\"og:image:width\" content=\"470\" \/>\n\t<meta property=\"og:image:height\" content=\"470\" \/>\n\t<meta property=\"og:image:type\" content=\"image\/png\" \/>\n<meta name=\"twitter:card\" content=\"summary_large_image\" \/>\n<meta name=\"twitter:label1\" content=\"Est. reading time\" \/>\n\t<meta name=\"twitter:data1\" content=\"1 minuto\" \/>\n<script type=\"application\/ld+json\" class=\"yoast-schema-graph\">{\"@context\":\"https:\/\/schema.org\",\"@graph\":[{\"@type\":\"WebPage\",\"@id\":\"https:\/\/dermorganicpe.labpro.icu\/index.php\/product\/cremadenoche-reafirmantedegranada\/\",\"url\":\"https:\/\/dermorganicpe.labpro.icu\/index.php\/product\/cremadenoche-reafirmantedegranada\/\",\"name\":\"Crema de Noche Reafirmante de Granada - DermOrganicpe\",\"isPartOf\":{\"@id\":\"https:\/\/dermorganicpe.labpro.icu\/#website\"},\"primaryImageOfPage\":{\"@id\":\"https:\/\/dermorganicpe.labpro.icu\/index.php\/product\/cremadenoche-reafirmantedegranada\/#primaryimage\"},\"image\":{\"@id\":\"https:\/\/dermorganicpe.labpro.icu\/index.php\/product\/cremadenoche-reafirmantedegranada\/#primaryimage\"},\"thumbnailUrl\":\"https:\/\/dermorganicpe.labpro.icu\/wp-content\/uploads\/2024\/06\/WELEDA-GRANADA-CREMA-DE-NOCHE-REAFIRMANTE-470x470-1.png\",\"datePublished\":\"2024-06-16T21:34:00+00:00\",\"dateModified\":\"2024-06-18T01:33:54+00:00\",\"description\":\"Crema de noche reafirmante de granada con aceite de germen de trigo que apoya el proceso natural de regeneraci\u00f3n nocturna, atenuando las arrugas.\",\"breadcrumb\":{\"@id\":\"https:\/\/dermorganicpe.labpro.icu\/index.php\/product\/cremadenoche-reafirmantedegranada\/#breadcrumb\"},\"inLanguage\":\"es-PE\",\"potentialAction\":[{\"@type\":\"ReadAction\",\"target\":[\"https:\/\/dermorganicpe.labpro.icu\/index.php\/product\/cremadenoche-reafirmantedegranada\/\"]}]},{\"@type\":\"ImageObject\",\"inLanguage\":\"es-PE\",\"@id\":\"https:\/\/dermorganicpe.labpro.icu\/index.php\/product\/cremadenoche-reafirmantedegranada\/#primaryimage\",\"url\":\"https:\/\/dermorganicpe.labpro.icu\/wp-content\/uploads\/2024\/06\/WELEDA-GRANADA-CREMA-DE-NOCHE-REAFIRMANTE-470x470-1.png\",\"contentUrl\":\"https:\/\/dermorganicpe.labpro.icu\/wp-content\/uploads\/2024\/06\/WELEDA-GRANADA-CREMA-DE-NOCHE-REAFIRMANTE-470x470-1.png\",\"width\":470,\"height\":470},{\"@type\":\"BreadcrumbList\",\"@id\":\"https:\/\/dermorganicpe.labpro.icu\/index.php\/product\/cremadenoche-reafirmantedegranada\/#breadcrumb\",\"itemListElement\":[{\"@type\":\"ListItem\",\"position\":1,\"name\":\"Portada\",\"item\":\"https:\/\/dermorganicpe.labpro.icu\/\"},{\"@type\":\"ListItem\",\"position\":2,\"name\":\"Shop\",\"item\":\"https:\/\/dermorganicpe.labpro.icu\/index.php\/shop-de-dermorganic\/\"},{\"@type\":\"ListItem\",\"position\":3,\"name\":\"Crema de Noche Reafirmante de Granada\"}]},{\"@type\":\"WebSite\",\"@id\":\"https:\/\/dermorganicpe.labpro.icu\/#website\",\"url\":\"https:\/\/dermorganicpe.labpro.icu\/\",\"name\":\"DermOrganicpe\",\"description\":\"Revela tu belleza natural\",\"potentialAction\":[{\"@type\":\"SearchAction\",\"target\":{\"@type\":\"EntryPoint\",\"urlTemplate\":\"https:\/\/dermorganicpe.labpro.icu\/?s={search_term_string}\"},\"query-input\":\"required name=search_term_string\"}],\"inLanguage\":\"es-PE\"}]}<\/script>\n<!-- \/ Yoast SEO plugin. -->","yoast_head_json":{"title":"Crema de Noche Reafirmante de Granada - DermOrganicpe","description":"Crema de noche reafirmante de granada con aceite de germen de trigo que apoya el proceso natural de regeneraci\u00f3n nocturna, atenuando las arrugas.","robots":{"index":"index","follow":"follow","max-snippet":"max-snippet:-1","max-image-preview":"max-image-preview:large","max-video-preview":"max-video-preview:-1"},"canonical":"https:\/\/dermorganicpe.labpro.icu\/index.php\/product\/cremadenoche-reafirmantedegranada\/","og_locale":"es_ES","og_type":"article","og_title":"Crema de Noche Reafirmante de Granada - DermOrganicpe","og_description":"Crema de noche reafirmante de granada con aceite de germen de trigo que apoya el proceso natural de regeneraci\u00f3n nocturna, atenuando las arrugas.","og_url":"https:\/\/dermorganicpe.labpro.icu\/index.php\/product\/cremadenoche-reafirmantedegranada\/","og_site_name":"DermOrganicpe","article_modified_time":"2024-06-18T01:33:54+00:00","og_image":[{"width":470,"height":470,"url":"https:\/\/dermorganicpe.labpro.icu\/wp-content\/uploads\/2024\/06\/WELEDA-GRANADA-CREMA-DE-NOCHE-REAFIRMANTE-470x470-1.png","type":"image\/png"}],"twitter_card":"summary_large_image","twitter_misc":{"Est. reading time":"1 minuto"},"schema":{"@context":"https:\/\/schema.org","@graph":[{"@type":"WebPage","@id":"https:\/\/dermorganicpe.labpro.icu\/index.php\/product\/cremadenoche-reafirmantedegranada\/","url":"https:\/\/dermorganicpe.labpro.icu\/index.php\/product\/cremadenoche-reafirmantedegranada\/","name":"Crema de Noche Reafirmante de Granada - DermOrganicpe","isPartOf":{"@id":"https:\/\/dermorganicpe.labpro.icu\/#website"},"primaryImageOfPage":{"@id":"https:\/\/dermorganicpe.labpro.icu\/index.php\/product\/cremadenoche-reafirmantedegranada\/#primaryimage"},"image":{"@id":"https:\/\/dermorganicpe.labpro.icu\/index.php\/product\/cremadenoche-reafirmantedegranada\/#primaryimage"},"thumbnailUrl":"https:\/\/dermorganicpe.labpro.icu\/wp-content\/uploads\/2024\/06\/WELEDA-GRANADA-CREMA-DE-NOCHE-REAFIRMANTE-470x470-1.png","datePublished":"2024-06-16T21:34:00+00:00","dateModified":"2024-06-18T01:33:54+00:00","description":"Crema de noche reafirmante de granada con aceite de germen de trigo que apoya el proceso natural de regeneraci\u00f3n nocturna, atenuando las arrugas.","breadcrumb":{"@id":"https:\/\/dermorganicpe.labpro.icu\/index.php\/product\/cremadenoche-reafirmantedegranada\/#breadcrumb"},"inLanguage":"es-PE","potentialAction":[{"@type":"ReadAction","target":["https:\/\/dermorganicpe.labpro.icu\/index.php\/product\/cremadenoche-reafirmantedegranada\/"]}]},{"@type":"ImageObject","inLanguage":"es-PE","@id":"https:\/\/dermorganicpe.labpro.icu\/index.php\/product\/cremadenoche-reafirmantedegranada\/#primaryimage","url":"https:\/\/dermorganicpe.labpro.icu\/wp-content\/uploads\/2024\/06\/WELEDA-GRANADA-CREMA-DE-NOCHE-REAFIRMANTE-470x470-1.png","contentUrl":"https:\/\/dermorganicpe.labpro.icu\/wp-content\/uploads\/2024\/06\/WELEDA-GRANADA-CREMA-DE-NOCHE-REAFIRMANTE-470x470-1.png","width":470,"height":470},{"@type":"BreadcrumbList","@id":"https:\/\/dermorganicpe.labpro.icu\/index.php\/product\/cremadenoche-reafirmantedegranada\/#breadcrumb","itemListElement":[{"@type":"ListItem","position":1,"name":"Portada","item":"https:\/\/dermorganicpe.labpro.icu\/"},{"@type":"ListItem","position":2,"name":"Shop","item":"https:\/\/dermorganicpe.labpro.icu\/index.php\/shop-de-dermorganic\/"},{"@type":"ListItem","position":3,"name":"Crema de Noche Reafirmante de Granada"}]},{"@type":"WebSite","@id":"https:\/\/dermorganicpe.labpro.icu\/#website","url":"https:\/\/dermorganicpe.labpro.icu\/","name":"DermOrganicpe","description":"Revela tu belleza natural","potentialAction":[{"@type":"SearchAction","target":{"@type":"EntryPoint","urlTemplate":"https:\/\/dermorganicpe.labpro.icu\/?s={search_term_string}"},"query-input":"required name=search_term_string"}],"inLanguage":"es-PE"}]}},"_links":{"self":[{"href":"https:\/\/dermorganicpe.labpro.icu\/index.php\/wp-json\/wp\/v2\/product\/591","targetHints":{"allow":["GET"]}}],"collection":[{"href":"https:\/\/dermorganicpe.labpro.icu\/index.php\/wp-json\/wp\/v2\/product"}],"about":[{"href":"https:\/\/dermorganicpe.labpro.icu\/index.php\/wp-json\/wp\/v2\/types\/product"}],"replies":[{"embeddable":true,"href":"https:\/\/dermorganicpe.labpro.icu\/index.php\/wp-json\/wp\/v2\/comments?post=591"}],"wp:featuredmedia":[{"embeddable":true,"href":"https:\/\/dermorganicpe.labpro.icu\/index.php\/wp-json\/wp\/v2\/media\/595"}],"wp:attachment":[{"href":"https:\/\/dermorganicpe.labpro.icu\/index.php\/wp-json\/wp\/v2\/media?parent=591"}],"wp:term":[{"taxonomy":"product_cat","embeddable":true,"href":"https:\/\/dermorganicpe.labpro.icu\/index.php\/wp-json\/wp\/v2\/product_cat?post=591"},{"taxonomy":"product_tag","embeddable":true,"href":"https:\/\/dermorganicpe.labpro.icu\/index.php\/wp-json\/wp\/v2\/product_tag?post=591"}],"curies":[{"name":"wp","href":"https:\/\/api.w.org\/{rel}","templated":true}]}}