{"id":713,"date":"2024-06-17T05:29:55","date_gmt":"2024-06-17T05:29:55","guid":{"rendered":"https:\/\/dermorganicpe.labpro.icu\/?post_type=product&#038;p=713"},"modified":"2024-06-17T23:48:37","modified_gmt":"2024-06-17T23:48:37","slug":"yumi-gumi-divatropical-90-unidades","status":"publish","type":"product","link":"https:\/\/dermorganicpe.labpro.icu\/index.php\/product\/yumi-gumi-divatropical-90-unidades\/","title":{"rendered":"Yumi Gumi Diva Tropical 90 Unidades"},"content":{"rendered":"<p><strong>Principales ingredientes:<\/strong><\/p>\n<ul>\n<li><strong>Col\u00e1geno:<\/strong> Fortalece las u\u00f1as y el cabello evitando roturas y mejorando su aspecto, mejora la firmeza y la elasticidad de la piel<\/li>\n<li><strong>Biotina:<\/strong> Favorece el crecimiento de los tejidos de r\u00e1pida reproducci\u00f3n aportando m\u00e1s elasticidad y menos rotura del cabello.<\/li>\n<li><strong>Vitamina A:<\/strong> Permite el correcto funcionamiento del sistema inmunol\u00f3gico, la renovaci\u00f3n celular y el mantenimiento de los tejidos.<\/li>\n<li><strong>Vitamina D:<\/strong> Aporta brillo y fuerza al cabello y las u\u00f1as.<\/li>\n<\/ul>\n","protected":false},"excerpt":{"rendered":"<p><strong>MARCA: LOU BOTANICALS<\/strong><\/p>\n<div class=\"elementor-element elementor-element-7b8cf5bf elementor-widget elementor-widget-text-editor\" data-id=\"7b8cf5bf\" data-element_type=\"widget\" data-widget_type=\"text-editor.default\">\n<div class=\"elementor-widget-container\">\n<div class=\"elementor-text-editor elementor-clearfix\">\n<p><b>Gomitas de col\u00e1geno, biotina vitamina A y D\u00a0<\/b>para fortalecer el cabello, la piel y las u\u00f1as.<\/p>\n<p>Toma 2 a 4 gomitas de preferencia despu\u00e9s del desayuno.<\/p>\n<\/div>\n<\/div>\n<\/div>\n<div class=\"elementor-element elementor-element-1e1c6cf0 elementor-widget elementor-widget-image\" data-id=\"1e1c6cf0\" data-element_type=\"widget\" data-widget_type=\"image.default\">\n<div class=\"elementor-widget-container\"><\/div>\n<\/div>\n","protected":false},"featured_media":718,"comment_status":"open","ping_status":"closed","template":"","meta":{"content-type":"","_joinchat":[]},"product_cat":[128,20,71,130],"product_tag":[],"class_list":{"0":"post-713","1":"product","2":"type-product","3":"status-publish","4":"has-post-thumbnail","6":"product_cat-cuidado-personal","7":"product_cat-lou-botanicals","8":"product_cat-vitaminas-vitaminas","9":"product_cat-vitaminas","11":"first","12":"instock","13":"shipping-taxable","14":"purchasable","15":"product-type-simple"},"yoast_head":"<!-- This site is optimized with the Yoast SEO plugin v22.8 - https:\/\/yoast.com\/wordpress\/plugins\/seo\/ -->\n<title>Yumi Gumi Diva Tropical 90 Unidades - DermOrganicpe<\/title>\n<meta name=\"description\" content=\"Yumi Gumi diva tropical de col\u00e1geno, biotina vitamina A y D\u00a0para fortalecer el cabello, la piel y las u\u00f1as.\" \/>\n<meta name=\"robots\" content=\"index, follow, max-snippet:-1, max-image-preview:large, max-video-preview:-1\" \/>\n<link rel=\"canonical\" href=\"https:\/\/dermorganicpe.labpro.icu\/index.php\/product\/yumi-gumi-divatropical-90-unidades\/\" \/>\n<meta property=\"og:locale\" content=\"es_ES\" \/>\n<meta property=\"og:type\" content=\"article\" \/>\n<meta property=\"og:title\" content=\"Yumi Gumi Diva Tropical 90 Unidades - DermOrganicpe\" \/>\n<meta property=\"og:description\" content=\"Yumi Gumi diva tropical de col\u00e1geno, biotina vitamina A y D\u00a0para fortalecer el cabello, la piel y las u\u00f1as.\" \/>\n<meta property=\"og:url\" content=\"https:\/\/dermorganicpe.labpro.icu\/index.php\/product\/yumi-gumi-divatropical-90-unidades\/\" \/>\n<meta property=\"og:site_name\" content=\"DermOrganicpe\" \/>\n<meta property=\"article:modified_time\" content=\"2024-06-17T23:48:37+00:00\" \/>\n<meta property=\"og:image\" content=\"https:\/\/dermorganicpe.labpro.icu\/wp-content\/uploads\/2024\/06\/AYUDAS-PARA-DISENO-DE-LA-WEB-5.png\" \/>\n\t<meta property=\"og:image:width\" content=\"1080\" \/>\n\t<meta property=\"og:image:height\" content=\"1080\" \/>\n\t<meta property=\"og:image:type\" content=\"image\/png\" \/>\n<meta name=\"twitter:card\" content=\"summary_large_image\" \/>\n<meta name=\"twitter:label1\" content=\"Est. reading time\" \/>\n\t<meta name=\"twitter:data1\" content=\"1 minuto\" \/>\n<script type=\"application\/ld+json\" class=\"yoast-schema-graph\">{\"@context\":\"https:\/\/schema.org\",\"@graph\":[{\"@type\":\"WebPage\",\"@id\":\"https:\/\/dermorganicpe.labpro.icu\/index.php\/product\/yumi-gumi-divatropical-90-unidades\/\",\"url\":\"https:\/\/dermorganicpe.labpro.icu\/index.php\/product\/yumi-gumi-divatropical-90-unidades\/\",\"name\":\"Yumi Gumi Diva Tropical 90 Unidades - DermOrganicpe\",\"isPartOf\":{\"@id\":\"https:\/\/dermorganicpe.labpro.icu\/#website\"},\"primaryImageOfPage\":{\"@id\":\"https:\/\/dermorganicpe.labpro.icu\/index.php\/product\/yumi-gumi-divatropical-90-unidades\/#primaryimage\"},\"image\":{\"@id\":\"https:\/\/dermorganicpe.labpro.icu\/index.php\/product\/yumi-gumi-divatropical-90-unidades\/#primaryimage\"},\"thumbnailUrl\":\"https:\/\/dermorganicpe.labpro.icu\/wp-content\/uploads\/2024\/06\/AYUDAS-PARA-DISENO-DE-LA-WEB-5.png\",\"datePublished\":\"2024-06-17T05:29:55+00:00\",\"dateModified\":\"2024-06-17T23:48:37+00:00\",\"description\":\"Yumi Gumi diva tropical de col\u00e1geno, biotina vitamina A y D\u00a0para fortalecer el cabello, la piel y las u\u00f1as.\",\"breadcrumb\":{\"@id\":\"https:\/\/dermorganicpe.labpro.icu\/index.php\/product\/yumi-gumi-divatropical-90-unidades\/#breadcrumb\"},\"inLanguage\":\"es-PE\",\"potentialAction\":[{\"@type\":\"ReadAction\",\"target\":[\"https:\/\/dermorganicpe.labpro.icu\/index.php\/product\/yumi-gumi-divatropical-90-unidades\/\"]}]},{\"@type\":\"ImageObject\",\"inLanguage\":\"es-PE\",\"@id\":\"https:\/\/dermorganicpe.labpro.icu\/index.php\/product\/yumi-gumi-divatropical-90-unidades\/#primaryimage\",\"url\":\"https:\/\/dermorganicpe.labpro.icu\/wp-content\/uploads\/2024\/06\/AYUDAS-PARA-DISENO-DE-LA-WEB-5.png\",\"contentUrl\":\"https:\/\/dermorganicpe.labpro.icu\/wp-content\/uploads\/2024\/06\/AYUDAS-PARA-DISENO-DE-LA-WEB-5.png\",\"width\":1080,\"height\":1080},{\"@type\":\"BreadcrumbList\",\"@id\":\"https:\/\/dermorganicpe.labpro.icu\/index.php\/product\/yumi-gumi-divatropical-90-unidades\/#breadcrumb\",\"itemListElement\":[{\"@type\":\"ListItem\",\"position\":1,\"name\":\"Portada\",\"item\":\"https:\/\/dermorganicpe.labpro.icu\/\"},{\"@type\":\"ListItem\",\"position\":2,\"name\":\"Shop\",\"item\":\"https:\/\/dermorganicpe.labpro.icu\/index.php\/shop-de-dermorganic\/\"},{\"@type\":\"ListItem\",\"position\":3,\"name\":\"Yumi Gumi Diva Tropical 90 Unidades\"}]},{\"@type\":\"WebSite\",\"@id\":\"https:\/\/dermorganicpe.labpro.icu\/#website\",\"url\":\"https:\/\/dermorganicpe.labpro.icu\/\",\"name\":\"DermOrganicpe\",\"description\":\"Revela tu belleza natural\",\"potentialAction\":[{\"@type\":\"SearchAction\",\"target\":{\"@type\":\"EntryPoint\",\"urlTemplate\":\"https:\/\/dermorganicpe.labpro.icu\/?s={search_term_string}\"},\"query-input\":\"required name=search_term_string\"}],\"inLanguage\":\"es-PE\"}]}<\/script>\n<!-- \/ Yoast SEO plugin. -->","yoast_head_json":{"title":"Yumi Gumi Diva Tropical 90 Unidades - DermOrganicpe","description":"Yumi Gumi diva tropical de col\u00e1geno, biotina vitamina A y D\u00a0para fortalecer el cabello, la piel y las u\u00f1as.","robots":{"index":"index","follow":"follow","max-snippet":"max-snippet:-1","max-image-preview":"max-image-preview:large","max-video-preview":"max-video-preview:-1"},"canonical":"https:\/\/dermorganicpe.labpro.icu\/index.php\/product\/yumi-gumi-divatropical-90-unidades\/","og_locale":"es_ES","og_type":"article","og_title":"Yumi Gumi Diva Tropical 90 Unidades - DermOrganicpe","og_description":"Yumi Gumi diva tropical de col\u00e1geno, biotina vitamina A y D\u00a0para fortalecer el cabello, la piel y las u\u00f1as.","og_url":"https:\/\/dermorganicpe.labpro.icu\/index.php\/product\/yumi-gumi-divatropical-90-unidades\/","og_site_name":"DermOrganicpe","article_modified_time":"2024-06-17T23:48:37+00:00","og_image":[{"width":1080,"height":1080,"url":"https:\/\/dermorganicpe.labpro.icu\/wp-content\/uploads\/2024\/06\/AYUDAS-PARA-DISENO-DE-LA-WEB-5.png","type":"image\/png"}],"twitter_card":"summary_large_image","twitter_misc":{"Est. reading time":"1 minuto"},"schema":{"@context":"https:\/\/schema.org","@graph":[{"@type":"WebPage","@id":"https:\/\/dermorganicpe.labpro.icu\/index.php\/product\/yumi-gumi-divatropical-90-unidades\/","url":"https:\/\/dermorganicpe.labpro.icu\/index.php\/product\/yumi-gumi-divatropical-90-unidades\/","name":"Yumi Gumi Diva Tropical 90 Unidades - DermOrganicpe","isPartOf":{"@id":"https:\/\/dermorganicpe.labpro.icu\/#website"},"primaryImageOfPage":{"@id":"https:\/\/dermorganicpe.labpro.icu\/index.php\/product\/yumi-gumi-divatropical-90-unidades\/#primaryimage"},"image":{"@id":"https:\/\/dermorganicpe.labpro.icu\/index.php\/product\/yumi-gumi-divatropical-90-unidades\/#primaryimage"},"thumbnailUrl":"https:\/\/dermorganicpe.labpro.icu\/wp-content\/uploads\/2024\/06\/AYUDAS-PARA-DISENO-DE-LA-WEB-5.png","datePublished":"2024-06-17T05:29:55+00:00","dateModified":"2024-06-17T23:48:37+00:00","description":"Yumi Gumi diva tropical de col\u00e1geno, biotina vitamina A y D\u00a0para fortalecer el cabello, la piel y las u\u00f1as.","breadcrumb":{"@id":"https:\/\/dermorganicpe.labpro.icu\/index.php\/product\/yumi-gumi-divatropical-90-unidades\/#breadcrumb"},"inLanguage":"es-PE","potentialAction":[{"@type":"ReadAction","target":["https:\/\/dermorganicpe.labpro.icu\/index.php\/product\/yumi-gumi-divatropical-90-unidades\/"]}]},{"@type":"ImageObject","inLanguage":"es-PE","@id":"https:\/\/dermorganicpe.labpro.icu\/index.php\/product\/yumi-gumi-divatropical-90-unidades\/#primaryimage","url":"https:\/\/dermorganicpe.labpro.icu\/wp-content\/uploads\/2024\/06\/AYUDAS-PARA-DISENO-DE-LA-WEB-5.png","contentUrl":"https:\/\/dermorganicpe.labpro.icu\/wp-content\/uploads\/2024\/06\/AYUDAS-PARA-DISENO-DE-LA-WEB-5.png","width":1080,"height":1080},{"@type":"BreadcrumbList","@id":"https:\/\/dermorganicpe.labpro.icu\/index.php\/product\/yumi-gumi-divatropical-90-unidades\/#breadcrumb","itemListElement":[{"@type":"ListItem","position":1,"name":"Portada","item":"https:\/\/dermorganicpe.labpro.icu\/"},{"@type":"ListItem","position":2,"name":"Shop","item":"https:\/\/dermorganicpe.labpro.icu\/index.php\/shop-de-dermorganic\/"},{"@type":"ListItem","position":3,"name":"Yumi Gumi Diva Tropical 90 Unidades"}]},{"@type":"WebSite","@id":"https:\/\/dermorganicpe.labpro.icu\/#website","url":"https:\/\/dermorganicpe.labpro.icu\/","name":"DermOrganicpe","description":"Revela tu belleza natural","potentialAction":[{"@type":"SearchAction","target":{"@type":"EntryPoint","urlTemplate":"https:\/\/dermorganicpe.labpro.icu\/?s={search_term_string}"},"query-input":"required name=search_term_string"}],"inLanguage":"es-PE"}]}},"_links":{"self":[{"href":"https:\/\/dermorganicpe.labpro.icu\/index.php\/wp-json\/wp\/v2\/product\/713","targetHints":{"allow":["GET"]}}],"collection":[{"href":"https:\/\/dermorganicpe.labpro.icu\/index.php\/wp-json\/wp\/v2\/product"}],"about":[{"href":"https:\/\/dermorganicpe.labpro.icu\/index.php\/wp-json\/wp\/v2\/types\/product"}],"replies":[{"embeddable":true,"href":"https:\/\/dermorganicpe.labpro.icu\/index.php\/wp-json\/wp\/v2\/comments?post=713"}],"wp:featuredmedia":[{"embeddable":true,"href":"https:\/\/dermorganicpe.labpro.icu\/index.php\/wp-json\/wp\/v2\/media\/718"}],"wp:attachment":[{"href":"https:\/\/dermorganicpe.labpro.icu\/index.php\/wp-json\/wp\/v2\/media?parent=713"}],"wp:term":[{"taxonomy":"product_cat","embeddable":true,"href":"https:\/\/dermorganicpe.labpro.icu\/index.php\/wp-json\/wp\/v2\/product_cat?post=713"},{"taxonomy":"product_tag","embeddable":true,"href":"https:\/\/dermorganicpe.labpro.icu\/index.php\/wp-json\/wp\/v2\/product_tag?post=713"}],"curies":[{"name":"wp","href":"https:\/\/api.w.org\/{rel}","templated":true}]}}